258?
2
What is the thousands digit of 4450?
4
What is the ten thousands digit of 10604?
1
What is the tens digit of 2968?
6
What is the tens digit of 50?
5
What is the tens digit of 83?
8
What is the units digit of 1965?
5
What is the tens digit of 13778?
7
What is the units digit of 255?
5
What is the units digit of 8423?
3
What is the thousands digit of 124979?
4
What is the hundreds digit of 7004?
0
What is the thousands digit of 4022?
4
What is the thousands digit of 1012?
1
What is the units digit of 1202?
2
What is the units digit of 4874?
4
What is the units digit of 679?
9
What is the hundreds digit of 8362?
3
What is the thousands digit of 34105?
4
What is the tens digit of 774?
7
What is the tens digit of 78898?
9
What is the tens digit of 74640?
4
What is the tens digit of 914?
1
What is the hundreds digit of 441?
4
What is the hundreds digit of 164?
1
What is the ten thousands digit of 45510?
4
What is the ten thousands digit of 51826?
5
What is the units digit of 12687?
7
What is the hundreds digit of 265?
2
What is the tens digit of 307?
0
What is the units digit of 5479?
9
What is the thousands digit of 17792?
7
What is the hundreds digit of 23094?
0
What is the tens digit of 2042?
4
What is the ten thousands digit of 82746?
8
What is the thousands digit of 9041?
9
What is the hundreds digit of 3168?
1
What is the units digit of 16508?
8
What is the ten thousands digit of 17783?
1
What is the thousands digit of 50582?
0
What is the tens digit of 3734?
3
What is the units digit of 325?
5
What is the units digit of 146?
6
What is the ten thousands digit of 39084?
3
What is the ten thousands digit of 61246?
6
What is the hundreds digit of 5294?
2
What is the thousands digit of 89356?
9
What is the thousands digit of 13378?
3
What is the hundreds digit of 2252?
2
What is the units digit of 13224?
4
What is the thousands digit of 2767?
2
What is the hundreds digit of 26437?
4
What is the units digit of 4519?
9
What is the thousands digit of 12774?
2
What is the hundreds digit of 495?
4
What is the hundreds digit of 171?
1
What is the tens digit of 26445?
4
What is the hundreds digit of 718?
7
What is the tens digit of 3420?
2
What is the tens digit of 2066?
6
What is the units digit of 1642?
2
What is the hundreds digit of 62812?
8
What is the thousands digit of 108126?
8
What is the ten thousands digit of 14118?
1
What is the hundreds digit of 4611?
6
What is the hundreds digit of 880?
8
What is the tens digit of 83014?
1
What is the tens digit of 564?
6
What is the units digit of 86359?
9
What is the thousands digit of 11830?
1
What is the units digit of 124940?
0
What is the hundreds digit of 21428?
4
What is the units digit of 3512?
2
What is the hundreds digit of 21997?
9
What is the tens digit of 33?
3
What is the thousands digit of 1119?
1
What is the tens digit of 401?
0
What is the tens digit of 35087?
8
What is the hundreds digit of 2530?
5
What is the units digit of 733?
3
What is the tens digit of 11637?
3
What is the units digit of 20654?
4
What is the units digit of 4565?
5
What is the tens digit of 4756?
5
What is the thousands digit of 11694?
1
What is the ten thousands digit of 92901?
9
What is the tens digit of 6518?
1
What is the hundreds digit of 442?
4
What is the units digit of 550?
0
What is the thousands digit of 3918?
3
What is the units digit of 3190?
0
What is the hundreds digit of 563?
5
What is the units digit of 381?
1
What is the hundreds digit of 3298?
2
What is the tens digit of 286?
8
What is the thousands digit of 22839?
2
What is the tens digit of 2380?
8
What is the thousands digit of 39144?
9
What is the hundreds digit of 113?
1
What is the units digit of 3073?
3
What is the hundreds digit of 7911?
9
What is the tens digit of 171909?
0
What is the thousands digit of 4396?
4
What is the tens digit of 78972?
7
What is the units digit of 1390?
0
What is the tens digit of 1204?
0
What is the thousands digit of 2136?
2
What is the units digit of 16415?
5
What is the units digit of 4625?
5
What is the tens digit of 14962?
6
What is the hundreds digit of 37242?
2
What is the tens digit of 82?
8
What is the ten thousands digit of 10069?
1
What is the units digit of 41134?
4
What is the hundreds digit of 3047?
0
What is the thousands digit of 2163?
2
What is the hundreds digit of 6528?
5
What is the hundreds digit of 182?
1
What is the units digit of 256?
6
What is the hundreds digit of 1610?
6
What is the tens digit of 1048?
4
What is the hundreds digit of 10441?
4
What is the tens digit of 56932?
3
What is the ten thousands digit of 137327?
3
What is the units digit of 130?
0
What is the tens digit of 53542?
4
What is the thousands digit of 14676?
4
What is the tens digit of 128897?
9
What is the hundreds digit of 515?
5
What is the thousands digit of 20204?
0
What is the tens digit of 62088?
8
What is the thousands digit of 5085?
5
What is the hundreds digit of 431?
4
What is the units digit of 537?
7
What is the units digit of 217?
7
What is the units digit of 76?
6
What is the hundreds digit of 1784?
7
What is the thousands digit of 12884?
2
What is the tens digit of 1128?
2
What is the ten thousands digit of 10124?
1
What is the tens digit of 41331?
3
What is the thousands digit of 5732?
5
What is the tens digit of 9247?
4
What is the units digit of 29703?
3
What is the hundreds digit of 342?
3
What is the units digit of 426?
6
What is the hundreds digit of 11205?
2
What is the thousands digit of 2104?
2
What is the ten thousands digit of 56810?
5
What is the tens digit of 1769?
6
What is the tens digit of 21580?
8
What is the hundreds digit of 2544?
5
What is the units digit of 6428?
8
What is the tens digit of 6563?
6
What is the hundreds digit of 633?
6
What is the units digit of 2858?
8
What is the thousands digit of 11302?
1
What is the thousands digit of 74066?
4
What is the tens digit of 134?
3
What is the tens digit of 7510?
1
What is the units digit of 8634?
4
What is the units digit of 390?
0
What is the units digit of 983?
3
What is the units digit of 411?
1
What is the tens digit of 881?
8
What is the units digit of 13075?
5
What is the units digit of 55072?
2
What is the units digit of 643?
3
What is the tens digit of 5674?
7
What is the tens digit of 21844?
4
What is the thousands digit of 4195?
4
What is the thousands digit of 2658?
2
What is the hundreds digit of 2272?
2
What is the thousands digit of 1968?
1
What is the hundreds digit of 81161?
1
What is the thousands digit of 2330?
2
What is the units digit of 117354?
4
What is the thousands digit of 4977?
4
What is the hundreds digit of 1468?
4
What is the units digit of 153458?
8
What is the thousands digit of 1732?
1
What is the hundreds digit of 3089?
0
What is the ten thousands digit of 32467?
3
What is the thousands digit of 4031?
4
What is the units digit of 17525?
5
What is the tens digit of 11803?
0
What is the tens digit of 46?
4
What is the hundreds digit of 43634?
6
What is the thousands digit of 2010?
2
What is the hundreds digit of 10093?
0
What is the ten thousands digit of 14889?
1
What is the hundreds digit of 46100?
1
What is the hundreds digit of 7362?
3
What is the tens digit of 10269?
6
What is the tens digit of 989?
8
What is the hundreds digit of 2563?
5
What is the tens digit of 5414?
1
What is the units digit of 46?
6
What is the hundreds digit of 6880?
8
What is the hundreds digit of 925?
9
What is the units digit of 10144?
4
What is the units digit of 59207?
7
What is the hundreds digit of 926?
9
What is the tens digit of 822?
2
What is the hundreds digit of 467?
4
What is the units digit of 2594?
4
What is the units digit of 7601?
1
What is the units digit of 43795?
5
What is the thousands digit of 7261?
7
What is the units digit of 1349?
9
What is the tens digit of 6239?
3
What is the hundreds digit of 4020?
0
What is the hundreds digit of 823?
8
What is the hundreds digit of 19788?
7
What is the thousands digit of 1255?
1
What is the units digit of 158?
8
What is the thousands digit of 11044?
1
What is the tens digit of 2017?
1
What is the hundreds digit of 18259?
2
What is the hundreds digit of 902?
9
What is the tens digit of 1099?
9
What is the tens digit of 7712?
1
What is the hundreds digit o